{"id":246,"date":"2019-05-15T09:23:41","date_gmt":"2019-05-15T07:23:41","guid":{"rendered":"https:\/\/www.eldin.net\/wordpress\/?page_id=246"},"modified":"2019-05-15T09:32:01","modified_gmt":"2019-05-15T07:32:01","slug":"perso","status":"publish","type":"page","link":"https:\/\/www.eldin.net\/wordpress\/index.php\/perso\/","title":{"rendered":"Perso"},"content":{"rendered":"\n<p><a href=\"https:\/\/www.eldin.net\/une_vocation\">M\u00e9moires de mon grand-p\u00e8re Henry Jules ELDIN<\/a><\/p>\n\n\n\n<p><a href=\"https:\/\/www.eldin.net\/LABO\">Mod\u00e9lisation du Laboratoire de Benoit en 3D<\/a><\/p>\n\n\n\n<p><a href=\"https:\/\/www.eldin.net\/photos-famille\">Photos de famille<\/a><\/p>\n","protected":false},"excerpt":{"rendered":"<p>M\u00e9moires de mon grand-p\u00e8re Henry Jules ELDIN Mod\u00e9lisation du Laboratoire de Benoit en 3D Photos de famille<\/p>\n","protected":false},"author":1,"featured_media":0,"parent":0,"menu_order":0,"comment_status":"closed","ping_status":"closed","template":"","meta":{"footnotes":""},"class_list":["post-246","page","type-page","status-publish","hentry"],"_links":{"self":[{"href":"https:\/\/www.eldin.net\/wordpress\/index.php\/wp-json\/wp\/v2\/pages\/246"}],"collection":[{"href":"https:\/\/www.eldin.net\/wordpress\/index.php\/wp-json\/wp\/v2\/pages"}],"about":[{"href":"https:\/\/www.eldin.net\/wordpress\/index.php\/wp-json\/wp\/v2\/types\/page"}],"author":[{"embeddable":true,"href":"https:\/\/www.eldin.net\/wordpress\/index.php\/wp-json\/wp\/v2\/users\/1"}],"replies":[{"embeddable":true,"href":"https:\/\/www.eldin.net\/wordpress\/index.php\/wp-json\/wp\/v2\/comments?post=246"}],"version-history":[{"count":3,"href":"https:\/\/www.eldin.net\/wordpress\/index.php\/wp-json\/wp\/v2\/pages\/246\/revisions"}],"predecessor-version":[{"id":250,"href":"https:\/\/www.eldin.net\/wordpress\/index.php\/wp-json\/wp\/v2\/pages\/246\/revisions\/250"}],"wp:attachment":[{"href":"https:\/\/www.eldin.net\/wordpress\/index.php\/wp-json\/wp\/v2\/media?parent=246"}],"curies":[{"name":"wp","href":"https:\/\/api.w.org\/{rel}","templated":true}]}}