{"id":423,"date":"2022-06-21T11:34:22","date_gmt":"2022-06-21T09:34:22","guid":{"rendered":"https:\/\/www.eldin.net\/wordpress\/?page_id=423"},"modified":"2022-07-12T13:33:29","modified_gmt":"2022-07-12T11:33:29","slug":"expoactes","status":"publish","type":"page","link":"https:\/\/www.eldin.net\/wordpress\/index.php\/expoactes\/","title":{"rendered":"ExpoActes"},"content":{"rendered":"\n<p>S\u00e9ries de modification du logiciel <a href=\"https:\/\/expocartes.monrezo.be\/\">ExpoActes <\/a>3.2.4 pour utiliser OpenStreetMap \u00e0 la place de Google Maps.<\/p>\n\n\n\n<p>A utiliser \u00e0 vos<strong> risques et p\u00e9rils<\/strong>. Ce code est donn\u00e9 a titre d&rsquo;exemple, Il est peut \u00eatre \u00e0 adapter en fonction de votre configuration. Ne sont publi\u00e9es que les modifications des fichiers originaux.<\/p>\n\n\n\n<p>Ceci est mon choix personnel et n&rsquo;engage en rien les \u00e9quipes de la SAGA et d&rsquo;ExpoActes.<\/p>\n\n\n\n<p>D\u00e9butants en programmation et mauvais coucheur passez votre chemin&#8230;<\/p>\n\n\n\n<p>Pour utiliser ces modifications, il faut r\u00e9cup\u00e9rer les fichiers du module leaflet ( ccs et js )  et les copier dans \/leaflet depuis <a href=\"https:\/\/leafletjs.com\/\">https:\/\/leafletjs.com\/<\/a><\/p>\n\n\n\n<p>Idem pour l&rsquo;option fullscreen que l&rsquo;on trouve sur :<a href=\"http:\/\/ https:\/\/github.com\/Leaflet\/Leaflet.fullscreen\"> https:\/\/github.com\/Leaflet\/Leaflet.fullscreen<\/a> dont on copie css et js dans \/leaflet<\/p>\n\n\n\n<p><a href=\"https:\/\/www.eldin.net\/wordpress\/index.php\/expoactes-georeferencement-automatique-des-communes-via-openstreetmap\/\">G\u00e9or\u00e9f\u00e9rencement automatique des communes via OpenStreetMap<\/a><\/p>\n\n\n\n<p><a href=\"https:\/\/www.eldin.net\/wordpress\/index.php\/expoactes-geolocalisation-manuelle-dun-commne\/\">G\u00e9olocalisation manuelle d&rsquo;une commne<\/a><\/p>\n\n\n\n<p><a href=\"https:\/\/www.eldin.net\/wordpress\/index.php\/expoactes-afficher-ne-nombre-dactes-par-communes-dans-la-liste-de-geolocalisation\/\">Afficher le nombre d&rsquo;actes par communes dans la liste de g\u00e9olocalisation<\/a><\/p>\n\n\n\n<p><a href=\"https:\/\/www.eldin.net\/wordpress\/index.php\/expoactes-pour-utiliser-openstreetmap-pour-la-carte-principal\/\">Pour utiliser OpenStreetMap pour la carte principal<\/a><\/p>\n\n\n\n<p><a href=\"https:\/\/www.eldin.net\/wordpress\/index.php\/expoactes-afficher-la-position-dune-commune\/\">Afficher la position d&rsquo;une commune<\/a><\/p>\n\n\n\n<p><strong>Quelques d\u00e9veloppements autour des donn\u00e9es d&rsquo;ExpoActes<\/strong><\/p>\n\n\n\n<p><a href=\"https:\/\/www.eldin.net\/wordpress\/index.php\/liste-des-registres-dexpoactes\/\">La liste des registres d&rsquo;ExpoActes<\/a><\/p>\n\n\n\n<p><a href=\"https:\/\/www.eldin.net\/wordpress\/index.php\/index-dun-registre-de-expoactes\">L&rsquo;index d&rsquo;un registre d&rsquo;ExpoActes<\/a><\/p>\n\n\n\n<p><a href=\"https:\/\/www.eldin.net\/wordpress\/index.php\/carte-de-repartition-des-registres-dexpoactes\/\">Carte de r\u00e9partition des registres d&rsquo;ExpoActes<\/a><\/p>\n\n\n\n<p><a href=\"https:\/\/www.eldin.net\/wordpress\/index.php\/expoactes-fonctions-pour-afficher-une-carte-openstreetmap\/\">Fonctions pour afficher une carte avec OpenStreetMap<\/a><\/p>\n","protected":false},"excerpt":{"rendered":"<p>S\u00e9ries de modification du logiciel ExpoActes 3.2.4 pour utiliser OpenStreetMap \u00e0 la place de Google Maps. A utiliser \u00e0 vos risques et p\u00e9rils. Ce code est donn\u00e9 a titre d&rsquo;exemple, Il est peut \u00eatre \u00e0 adapter en fonction de votre configuration. Ne sont publi\u00e9es que les modifications des fichiers originaux. Ceci est mon choix personnel &hellip; <\/p>\n<p class=\"link-more\"><a href=\"https:\/\/www.eldin.net\/wordpress\/index.php\/expoactes\/\" class=\"more-link\">Continuer la lecture<span class=\"screen-reader-text\"> de &laquo;&nbsp;ExpoActes&nbsp;&raquo;<\/span><\/a><\/p>\n","protected":false},"author":1,"featured_media":0,"parent":0,"menu_order":0,"comment_status":"closed","ping_status":"closed","template":"","meta":{"footnotes":""},"class_list":["post-423","page","type-page","status-publish","hentry"],"_links":{"self":[{"href":"https:\/\/www.eldin.net\/wordpress\/index.php\/wp-json\/wp\/v2\/pages\/423"}],"collection":[{"href":"https:\/\/www.eldin.net\/wordpress\/index.php\/wp-json\/wp\/v2\/pages"}],"about":[{"href":"https:\/\/www.eldin.net\/wordpress\/index.php\/wp-json\/wp\/v2\/types\/page"}],"author":[{"embeddable":true,"href":"https:\/\/www.eldin.net\/wordpress\/index.php\/wp-json\/wp\/v2\/users\/1"}],"replies":[{"embeddable":true,"href":"https:\/\/www.eldin.net\/wordpress\/index.php\/wp-json\/wp\/v2\/comments?post=423"}],"version-history":[{"count":24,"href":"https:\/\/www.eldin.net\/wordpress\/index.php\/wp-json\/wp\/v2\/pages\/423\/revisions"}],"predecessor-version":[{"id":505,"href":"https:\/\/www.eldin.net\/wordpress\/index.php\/wp-json\/wp\/v2\/pages\/423\/revisions\/505"}],"wp:attachment":[{"href":"https:\/\/www.eldin.net\/wordpress\/index.php\/wp-json\/wp\/v2\/media?parent=423"}],"curies":[{"name":"wp","href":"https:\/\/api.w.org\/{rel}","templated":true}]}}