{"id":5,"date":"2019-05-10T12:42:58","date_gmt":"2019-05-10T10:42:58","guid":{"rendered":"http:\/\/www2.eldin.net\/wordpress\/?page_id=5"},"modified":"2026-02-23T07:39:03","modified_gmt":"2026-02-23T06:39:03","slug":"accueil","status":"publish","type":"page","link":"https:\/\/www.eldin.net\/wordpress\/","title":{"rendered":""},"content":{"rendered":"\n<h4 class=\"wp-block-heading\"><strong><span style=\"color: #ff9900;\"><a style=\"color: #ff9900;\" href=\"https:\/\/agendatrad.org\/group\/chamaras.v6ds8n7k\"><span style=\"color: #808080;\"><br><br><\/span><\/a><\/span><\/strong><\/h4>\n\n\n\n<!--more-->\n\n\n\n<figure class=\"wp-block-table alignright spip\"><table class=\"has-fixed-layout\"><tbody><tr><td class=\"has-text-align-right\" data-align=\"right\"><a href=\"https:\/\/agendatrad.org\/group\/chamaras.v6ds8n7k\">Chamaras<\/a><\/td><td><strong><span style=\"color: #ff9900;\"><a style=\"color: #ff9900;\" href=\"https:\/\/agendatrad.org\/group\/chamaras.v6ds8n7k\"><span style=\"color: #808080;\"><img loading=\"lazy\" decoding=\"async\" width=\"215\" height=\"143\" class=\"wp-image-645  alignright\" src=\"http:\/\/www.eldin.net\/wordpress\/wp-content\/uploads\/2026\/02\/chamaras_v1-300x200.png\" alt=\"\" srcset=\"https:\/\/www.eldin.net\/wordpress\/wp-content\/uploads\/2026\/02\/chamaras_v1-300x200.png 300w, https:\/\/www.eldin.net\/wordpress\/wp-content\/uploads\/2026\/02\/chamaras_v1-1024x683.png 1024w, https:\/\/www.eldin.net\/wordpress\/wp-content\/uploads\/2026\/02\/chamaras_v1-768x512.png 768w, https:\/\/www.eldin.net\/wordpress\/wp-content\/uploads\/2026\/02\/chamaras_v1.png 1536w\" sizes=\"(max-width: 215px) 100vw, 215px\" \/><\/span><\/a><\/span><\/strong><\/td><\/tr><tr><td class=\"has-text-align-right\" data-align=\"right\"><a class=\"spip_out\" href=\"http:\/\/www.famdt-ardeche.fr\" rel=\"external\"><strong><span style=\"color: #808080;\">F\u00e9d\u00e9ration des Associations de Musique et Danses traditionnelles de l\u2019 Ard\u00e8che<\/span><\/strong><\/a><\/td><td><a href=\"https:\/\/famdt-ardeche.fr\"><img loading=\"lazy\" decoding=\"async\" class=\"alignnone wp-image-545 size-full\" src=\"http:\/\/www.eldin.net\/wordpress\/wp-content\/uploads\/2024\/09\/Logo_famdta_couleur_2x15.jpg\" alt=\"\" width=\"236\" height=\"176\"><\/a><\/td><\/tr><tr><td class=\"has-text-align-right\" data-align=\"right\"><strong><a href=\"https:\/\/www.eldin.net\/wordpress\/index.php\/genealogie\">G\u00e9n\u00e9alogie&nbsp;&nbsp;&nbsp;&nbsp;<\/a><\/strong><\/td><td><strong><span style=\"color: #808080;\"><a class=\"spip_out\" style=\"color: #808080;\" href=\"https:\/\/www.eldin.net\/wordpress\/index.php\/genealogie\" rel=\"external\"><img loading=\"lazy\" decoding=\"async\" width=\"123\" height=\"92\" class=\"wp-image-55 alignright\" src=\"https:\/\/www.eldin.net\/wordpress\/wp-content\/uploads\/2019\/05\/gramps-300x225.png\" alt=\"\" srcset=\"https:\/\/www.eldin.net\/wordpress\/wp-content\/uploads\/2019\/05\/gramps-300x225.png 300w, https:\/\/www.eldin.net\/wordpress\/wp-content\/uploads\/2019\/05\/gramps-768x576.png 768w, https:\/\/www.eldin.net\/wordpress\/wp-content\/uploads\/2019\/05\/gramps-1024x768.png 1024w, https:\/\/www.eldin.net\/wordpress\/wp-content\/uploads\/2019\/05\/gramps.png 1034w\" sizes=\"(max-width: 123px) 100vw, 123px\" \/><\/a><\/span><\/strong><\/td><\/tr><tr><td class=\"has-text-align-right\" data-align=\"right\"><a href=\"https:\/\/sagardeche.fr\/sagardeche\/deces_insee.php\">Base de donn\u00e9es des d\u00e9c\u00e8s de l&rsquo;Insee<\/a><\/td><td><\/td><\/tr><\/tbody><\/table><\/figure>\n\n\n\n<h4 class=\"wp-block-heading\"><\/h4>\n\n\n<div class=\"wp-block-image\">\n<figure class=\"aligncenter\"><img loading=\"lazy\" decoding=\"async\" width=\"300\" height=\"68\" src=\"https:\/\/www.eldin.net\/wordpress\/wp-content\/uploads\/2019\/05\/bg_pied_bas-300x68.png\" alt=\"\" class=\"wp-image-51\" srcset=\"https:\/\/www.eldin.net\/wordpress\/wp-content\/uploads\/2019\/05\/bg_pied_bas-300x68.png 300w, https:\/\/www.eldin.net\/wordpress\/wp-content\/uploads\/2019\/05\/bg_pied_bas.png 640w\" sizes=\"(max-width: 300px) 100vw, 300px\" \/><\/figure><\/div>\n\n\n<p><\/p>\n","protected":false},"excerpt":{"rendered":"","protected":false},"author":1,"featured_media":0,"parent":0,"menu_order":0,"comment_status":"closed","ping_status":"closed","template":"","meta":{"footnotes":""},"class_list":["post-5","page","type-page","status-publish","hentry"],"_links":{"self":[{"href":"https:\/\/www.eldin.net\/wordpress\/index.php\/wp-json\/wp\/v2\/pages\/5"}],"collection":[{"href":"https:\/\/www.eldin.net\/wordpress\/index.php\/wp-json\/wp\/v2\/pages"}],"about":[{"href":"https:\/\/www.eldin.net\/wordpress\/index.php\/wp-json\/wp\/v2\/types\/page"}],"author":[{"embeddable":true,"href":"https:\/\/www.eldin.net\/wordpress\/index.php\/wp-json\/wp\/v2\/users\/1"}],"replies":[{"embeddable":true,"href":"https:\/\/www.eldin.net\/wordpress\/index.php\/wp-json\/wp\/v2\/comments?post=5"}],"version-history":[{"count":22,"href":"https:\/\/www.eldin.net\/wordpress\/index.php\/wp-json\/wp\/v2\/pages\/5\/revisions"}],"predecessor-version":[{"id":654,"href":"https:\/\/www.eldin.net\/wordpress\/index.php\/wp-json\/wp\/v2\/pages\/5\/revisions\/654"}],"wp:attachment":[{"href":"https:\/\/www.eldin.net\/wordpress\/index.php\/wp-json\/wp\/v2\/media?parent=5"}],"curies":[{"name":"wp","href":"https:\/\/api.w.org\/{rel}","templated":true}]}}